ppose -2*q - l + 172 = l, 2*l - 6 = 0. List the prime factors of q.
83
Let d be (-30)/4*(-12)/10. Let c be 0 + (-3)/(d/(-6)). Suppose -24 = -c*p - 5*m, -8 = -3*m + 4. What are the prime factors of p?
2
Suppose -5*z = -0*z. Suppose z*q + 25 = 5*q. Let l = q - 2. List the prime factors of l.
3
Let y(r) = 0*r - 2*r - r - 3*r - r**3 + 4*r**2. Let s be y(4). Let k = 37 + s. What are the prime factors of k?
13
Let g be (-1)/(-5) - 28/(-10). Suppose -g = -4*z + o - 2*o, -4*z - 5*o - 17 = 0. Suppose z*a + 4*h = 34, a - h - 16 = -2*a. List the prime factors of a.
7
Suppose -4*c = -16 + 4. Suppose -2*t + 11 = c. Suppose -f + t*f = -g + 10, -5*f = -5. What are the prime factors of g?
7
Let y(v) = v. Let d(s) = s + 5. Suppose 5*f + a = 13, -7 = -0*f - 5*f + a. Let g(z) = f*y(z) - d(z). What are the prime factors of g(8)?
3
Suppose 3*f + 0*w - 149 = -2*w, w = -f + 50. What are the prime factors of f?
7
Let b = -2 + 4. What are the prime factors of b/4*(-36)/(-3)?
2, 3
Let b(p) = p**3 - 6*p**2 + 5*p - 1. Let f be b(5). What are the prime factors of f/2 - 14/(-4)?
3
Suppose 3 + 1 = -4*g. Let x = 2 - g. List the prime factors of x.
3
Suppose -3*d + 2*c + 54 = -3*c, -62 = -5*d - c. List the prime factors of d.
13
Let w be ((-1)/2)/((-4)/(-16)). List the prime factors of (-4 - w) + 1 + 4.
3
Suppose p + 3*f - 8 = 3, 2*f = -3*p + 19. Suppose -p*r + 6 + 19 = 0, 5*d - 2*r = 55. What are the prime factors of d?
13
Let y be 50/(-18) + (-2)/9. Let l be 3*(32/(-3))/(-4). Let x = l + y. List the prime factors of x.
5
Let l(q) = 3*q + 11. What are the prime factors of l(3)?
2, 5
Suppose 0 = -2*d + 3*d - 6. What are the prime factors of 26/6 - 2/d?
2
Let l = -6 - -8. Suppose 0 = q - 16 - l. List the prime factors of q.
2, 3
Suppose 5*s - 153 = 237. What are the prime factors of s?
2, 3, 13
Suppose -6*p + 2*p - 4*o + 652 = 0, -2*p = 5*o - 323. List the prime factors of p.
2, 41
Suppose -3 + 26 = 3*z - 4*q, 0 = -2*z - 5*q + 23. Suppose -3*a + z = -63. What are the prime factors of a?
2, 3
Suppose -353 = -5*n - 33. List the prime factors of n.
2
Let g = 1 + 3. Suppose 0 = 2*d + 2*q - 0*q - 20, g*d = q + 20. What are the prime factors of d?
2, 3
Suppose 0 = -5*d - 0*c + 4*c + 419, -d + 86 = -3*c. What are the prime factors of d?
83
Let c(m) = m**3 + 7*m**2 - 10. Suppose 0 = -4*x + 4*v - 8 - 8, 4*x + 5*v = -43. Let k be c(x). What are the prime factors of 1*k/(-2 + 1)?
2, 5
Let p(m) = 7*m**2 - 3*m + 2. Let t be p(3). Suppose 2*x + 20 = -y, -5*y = -4*x + 3*x + t. What are the prime factors of y*(-2)/(-4)*-1?
2, 3
Let v = -14 - -43. List the prime factors of v.
29
Let r = -8 + 10. Suppose -2*v = r*v - 3*n - 117, 151 = 5*v + n. List the prime factors of v.
2, 3, 5
Suppose 4*o - 150 = 130. Suppose 4*d = -5*l + 70, -5*l + 0*d + o = 3*d. Suppose l = -5*t + 44. What are the prime factors of t?
2, 3
Let d(w) = w**2 - 5*w + 2. Let u(t) = -3*t - 4. Let o be u(-3). Let y be d(o). Suppose -4*g + 10 = -2*v - 26, 2*v = -y*g + 24. List the prime factors of g.
2, 5
Let k(z) = 5*z + 6. Let i be k(-3). Let o = i - -17. List the prime factors of o.
2
Let v(h) = -h**2 + 6*h + 4. Suppose f - 18 = -2*f. Let z be v(f). Suppose -6 = -g + z. What are the prime factors of g?
2, 5
Let p(d) = -3*d**2. Let h be p(1). Let x = h + 19. What are the prime factors of x?
2
What are the prime factors of 1566/45 + 3/15?
5, 7
Let v(r) = -3*r + 2. What are the prime factors of v(-16)?
2, 5
Suppose -2*c + a + 0 = -5, -2*a = -2. Suppose -15 = -x + r + 4*r, -3*x = -3*r + c. Let o = x - -11. List the prime factors of o.
2, 3
Let s(v) = v - 3 + 7 + 6 - 1. What are the prime factors of s(-7)?
2
Let c = 206 + -117. What are the prime factors of c?
89
Let j(i) = -7*i - 11. Suppose w = -6*w - 42. List the prime factors of j(w).
31
Suppose 2*j - 4*z - 22 = 0, 3*j + 3*z - 13 = 5*z. Suppose j = -g + 38. What are the prime factors of g?
37
Suppose -5*q + 2 = 5*l + 7, 15 = -3*q. Suppose 2*n - 62 = l*x, 0*n + 115 = 4*n - 5*x. List the prime factors of n.
5
Let z(n) = -n**3 + 5*n**2 + 7*n - 4. Let p be z(6). Suppose t - 45 = -p*t. What are the prime factors of t?
3, 5
Let o = -236 - -455. List the prime factors of o.
3, 73
Let b(i) = -2*i + 1. Let o be b(-3). Let h = o - 8. Let m = 3 + h. What are the prime factors of m?
2
Let x = -97 - -141. What are the prime factors of x?
2, 11
Suppose 4*n + 28 = 6*n. List the prime factors of n.
2, 7
Let x be 2 + 2 + 2 + -2. Suppose 2*o - 2 + 15 = a, x*o = -a - 11. Suppose -5*t + 4*m + 92 = 0, a*t + 38 = 7*t - 2*m. What are the prime factors of t?
2
Suppose 4*m - 3*k + 31 = 0, 0*k + 4*k - 8 = -3*m. Suppose 4*h - 5*b = h - 61, -5*b + 1 = 2*h. Let g = m - h. List the prime factors of g.
2
Let w = -22 + 50. Suppose 0 = -2*x - x - 6, q + 2*x - w = 0. What are the prime factors of q?
2
Let f(c) = c + 5. Let o be f(-6). What are the prime factors of o/(-3) - 639/(-27)?
2, 3
Let l(a) = a**3 - 8*a**2 - 13*a. Let z be l(9). Let v be 12*z/(4/2). What are the prime factors of v/(-21) + (-4)/14?
2, 5
Let h(z) = z**2 + 6*z - 4. Let f be (-3 - -2)/(2/10). Let y be h(f). What are the prime factors of 2/y - 76/(-18)?
2
Suppose -3*a + 1 = -6*q + q, 1 = q. Let b = 4 - a. List the prime factors of b.
2
Let h be 6 - (1 + 0)*0. Let t = -2 + -2. Let j = t + h. List the prime factors of j.
2
Suppose 0 = -i - i + 6. Let c be i/3*1 - -2. Let y = 10 + c. What are the prime factors of y?
13
Let n be 24/10*15/(-3). Let u be (12 + -2)*48/(-20). Let l = n - u. What are the prime factors of l?
2, 3
Let b(x) = 3*x**3 - 17*x**2 - 11. Let g(h) = -2*h**3 + 9*h**2 + 6. Let c(d) = 3*b(d) + 5*g(d). Let l be c(-6). Let y = l - -6. List the prime factors of y.
3
Let m = -285 + 526. List the prime factors of m.
241
Let n(p) = -2*p. Let m(q) = -2*q. Let t(b) = -2*m(b) + 3*n(b). What are the prime factors of t(-5)?
2, 5
Let j = -17 - -28. Let h = -11 + j. Suppose 3*v + 4*l - 41 = h, 4*l - 4 = 2*l. What are the prime factors of v?
11
Let j = 161 + 58. List the prime factors of j.
3, 73
Suppose 0 = 4*n - 24 - 100. What are the prime factors of n?
31
Let z(j) be the third derivative of j**5/30 + j**4/24 - 2*j**3/3 - j**2. Suppose q - 4*q - 11 = 5*a, 4*q - 20 = 2*a. What are the prime factors of z(q)?
17
Suppose -27 = -4*m - 3. Suppose 4*q - 31 = 1. Suppose -7*c = -m*c - q. What are the prime factors of c?
2
Let q = -10 + 27. List the prime factors of q.
17
Suppose 2*w - 7 = w. Suppose 15 = -2*y + w*y. List the prime factors of y.
3
Let z(u) = -u + 7. Let y be z(4). Suppose -g = -5*m - 0*m + 80, -y*g + 48 = 3*m. List the prime factors of m.
2
Suppose 5*g = 2*g + 9. What are the prime factors of 14 - (g + (-2 - -1))?
2, 3
Suppose -m - 2*n - 7 = 0, 0 = 3*n + 3. Suppose -4*h = -4*s + 4, 3*s + 6*h = 2*h + 31. Let g = s - m. List the prime factors of g.
2, 5
Suppose -5*r = -2*f - r + 12, -3*f = -3*r - 12. Let b = 2 + f. Suppose 3*x - 26 = 3*n + n, -b = 2*n. What are the prime factors of x?
2, 3
Let b(f) = f**3 + 6*f**2 + 5*f. Let h be b(-5). Let l = 1 - h. Let r(v) = 6*v + 1. What are the prime factors of r(l)?
7
Let s(o) = -o**3 + 4*o**2 - o + 4. Let q be s(4). Let c(g) = -6*g - 3. Let d be c(-5). Suppose q = -3*j - 0 + d. List the prime factors of j.
3
Let b = -34 - -44. List the prime factors of b.
2, 5
Suppose -3 = -2*r + 3*r. What are the prime factors of -3*(-3 + r/(-9))?
2
Suppose 32 = -4*b + j, -b - 4*j = -3*b - 30. List the prime factors of (b - -1)*(-12)/9.
2
Let i = -25 + 29. Suppose 0 = i*m - 143 - 25. What are the prime factors of m?
2, 3, 7
What are the prime factors of (41/4)/((-8)/(-32))?
41
Let x = -59 + 40. Suppose 0 = -d + 2*d - 33. Let a = x + d. What are the prime factors of a?
2, 7
Let j(x) = 3*x - 2. Let t be j(3). Let s = 2 + t. What are the prime factors of s?
3
Let a = 160 + -102. What are the prime factors of a?
2, 29
Let t(k) = -k**2 + 5. Let q be t(0). Suppose w = -5*h + 126, 0 = -h + q*w - 3*w + 23. List the prime factors of h.
5
Let l = 18 - 28. List the prime factors of (-6)/l + (-66)/(-15).
5
Let u be (-2 + (-3)/(-3))/1. Let g be -1*u/(-1) + 6. Suppose -4*t = j - 0 - 10, -g*j + 3*t + 4 = 0. What are the prime factors of j?
2
Suppose 3*o = 104 + 97. What are the prime factors of o?
67
Let h = -38 - -114. List the prime factors of h.
2, 19
Let p(c) = c**3 - 8*c**2 - 7*c - 8. List the prime factors of p(10).
2